{"id":8737,"date":"2023-10-26T12:48:59","date_gmt":"2023-10-26T10:48:59","guid":{"rendered":"https:\/\/hiimkate.com\/?post_type=product&#038;p=8737"},"modified":"2024-02-24T10:27:25","modified_gmt":"2024-02-24T09:27:25","slug":"czapeczka-teddy-boucle","status":"publish","type":"product","link":"https:\/\/hiimkate.com\/index.php\/produkt\/czapeczka-teddy-boucle\/","title":{"rendered":"TEDDY KOALA Boucle bonetka"},"content":{"rendered":"","protected":false},"excerpt":{"rendered":"<p>Teddy boucle \ud83e\uddf8\ud83e\udd0d\ud83e\udd0e<br \/>\nCzapeczki misie, kotki, jelonki i inne modele, r\u0119kawiczki, szaliki i nie tylko, a teraz i nowo\u015b\u0107 chusta!!!\ud83d\udcab\u2728<br \/>\nCzapeczki, szaliki i r\u0119kawiczki (dost\u0119pne tez kominy) wykonane z w\u0142\u00f3czki DROPS Alpaca Boucl\u00e9 \ud83d\udc97<\/p>\n<p>Luksusowa mieszanka alpaki i we\u0142ny z Ameryki Po\u0142udniowej, poliamid z Niemiec \ud83e\udd0d<\/p>\n<p>Materia\u0142: 80% Alpaka, 15% we\u0142na, 5% poliamid<\/p>\n<p>Nowa luksusowa w\u0142\u00f3czka jest fantastyczn\u0105 w\u0142\u00f3czk\u0105 sk\u0142adaj\u0105c\u0105 si\u0119 z 2 nitek superfine alpaca, z rdzeniem z we\u0142ny i poliamidu, dzi\u0119ki czemu jest bardzo mocna!<br \/>\nStawiaj\u0105c nacisk na najwy\u017csz\u0105 jako\u015b\u0107 we\u0142ny, uzyskiwana jest zar\u00f3wno idealna forma jak i doskona\u0142a jako\u015b\u0107 jej struktury.\u2028\u2028\u2018Boucl\u00e9\u2019 po francusku oznacza ma\u0142e p\u0119telki i odwo\u0142uje si\u0119 do licznych supe\u0142k\u00f3w na czystej alpace, co nadaje tej w\u0142\u00f3czce charakterystyczny wygl\u0105d i podkre\u015bla jej mi\u0119kko\u015b\u0107. Ubrania z w\u0142\u00f3czki DROPS Alpaca Boucl\u00e9 s\u0105 lekkie i puszyste.<\/p>\n<p>Ta lekka jak pi\u00f3rko w\u0142\u00f3czka jest zadziwiaj\u0105co ciep\u0142a!<br \/>\nWykonane z niej rob\u00f3tki s\u0105 wyj\u0105tkowo mi\u0119kkie i mi\u0142e!<\/p>\n<p>Na ten moment mamy kilka wersji kolorystycznych:<br \/>\nEcru, Jasny be\u017c, br\u0105z, ciemny szary, jasny szary \ud83d\udc96<\/p>\n","protected":false},"featured_media":8769,"comment_status":"open","ping_status":"closed","template":"","meta":[],"product_cat":[123],"product_tag":[],"class_list":{"0":"post-8737","1":"product","2":"type-product","3":"status-publish","4":"has-post-thumbnail","6":"product_cat-czapeczki-dla-dzieci-z-uszami","8":"first","9":"instock","10":"taxable","11":"shipping-taxable","12":"purchasable","13":"product-type-variable"},"jetpack_sharing_enabled":true,"_links":{"self":[{"href":"https:\/\/hiimkate.com\/index.php\/wp-json\/wp\/v2\/product\/8737"}],"collection":[{"href":"https:\/\/hiimkate.com\/index.php\/wp-json\/wp\/v2\/product"}],"about":[{"href":"https:\/\/hiimkate.com\/index.php\/wp-json\/wp\/v2\/types\/product"}],"replies":[{"embeddable":true,"href":"https:\/\/hiimkate.com\/index.php\/wp-json\/wp\/v2\/comments?post=8737"}],"wp:featuredmedia":[{"embeddable":true,"href":"https:\/\/hiimkate.com\/index.php\/wp-json\/wp\/v2\/media\/8769"}],"wp:attachment":[{"href":"https:\/\/hiimkate.com\/index.php\/wp-json\/wp\/v2\/media?parent=8737"}],"wp:term":[{"taxonomy":"product_cat","embeddable":true,"href":"https:\/\/hiimkate.com\/index.php\/wp-json\/wp\/v2\/product_cat?post=8737"},{"taxonomy":"product_tag","embeddable":true,"href":"https:\/\/hiimkate.com\/index.php\/wp-json\/wp\/v2\/product_tag?post=8737"}],"curies":[{"name":"wp","href":"https:\/\/api.w.org\/{rel}","templated":true}]}}