{"id":7569,"date":"2023-03-26T18:23:50","date_gmt":"2023-03-26T16:23:50","guid":{"rendered":"https:\/\/hiimkate.com\/?post_type=product&#038;p=7569"},"modified":"2025-11-21T15:06:30","modified_gmt":"2025-11-21T14:06:30","slug":"sukienka-mieniaca-sie-zlotem-charm-dirty-pink","status":"publish","type":"product","link":"https:\/\/hiimkate.com\/index.php\/produkt\/sukienka-mieniaca-sie-zlotem-charm-dirty-pink\/","title":{"rendered":"Sukienka mieni\u0105ca si\u0119 z\u0142otem CHARM DIRTY PINK"},"content":{"rendered":"","protected":false},"excerpt":{"rendered":"<p>Sukienka z limitowanej kolekcji &#8211; mieni\u0105ca si\u0119 z\u0142otem CHARM DIRTY PINK \u2728\ud83d\udcab<\/p>\n<p>Sukienka wykonana z mi\u0119ciutkiego weluru delikatnego i przyjemnego w dotyku nieziemsko \u2665\ufe0f<\/p>\n<p>Urokliwe guziczki per\u0142owe z przodu dodaj\u0105 tylko \u015bwietno\u015bci \ud83d\udcab<\/p>\n<p>Idealna na wszelkie okazje &#8211; zbli\u017caj\u0105ce si\u0119 \u015bwi\u0119ta, sylwestra, a tak\u017ce wszelkie urodziny, imieniny i chrzty \u2665\ufe0f<\/p>\n","protected":false},"featured_media":7585,"comment_status":"open","ping_status":"closed","template":"","meta":[],"product_cat":[55,59],"product_tag":[],"class_list":{"0":"post-7569","1":"product","2":"type-product","3":"status-publish","4":"has-post-thumbnail","6":"product_cat-sukienki-dla-dziewczynek","7":"product_cat-sukienki-dla-mamy-corki","9":"first","10":"instock","11":"taxable","12":"shipping-taxable","13":"purchasable","14":"product-type-variable"},"jetpack_sharing_enabled":true,"_links":{"self":[{"href":"https:\/\/hiimkate.com\/index.php\/wp-json\/wp\/v2\/product\/7569"}],"collection":[{"href":"https:\/\/hiimkate.com\/index.php\/wp-json\/wp\/v2\/product"}],"about":[{"href":"https:\/\/hiimkate.com\/index.php\/wp-json\/wp\/v2\/types\/product"}],"replies":[{"embeddable":true,"href":"https:\/\/hiimkate.com\/index.php\/wp-json\/wp\/v2\/comments?post=7569"}],"wp:featuredmedia":[{"embeddable":true,"href":"https:\/\/hiimkate.com\/index.php\/wp-json\/wp\/v2\/media\/7585"}],"wp:attachment":[{"href":"https:\/\/hiimkate.com\/index.php\/wp-json\/wp\/v2\/media?parent=7569"}],"wp:term":[{"taxonomy":"product_cat","embeddable":true,"href":"https:\/\/hiimkate.com\/index.php\/wp-json\/wp\/v2\/product_cat?post=7569"},{"taxonomy":"product_tag","embeddable":true,"href":"https:\/\/hiimkate.com\/index.php\/wp-json\/wp\/v2\/product_tag?post=7569"}],"curies":[{"name":"wp","href":"https:\/\/api.w.org\/{rel}","templated":true}]}}