{"id":6775,"date":"2022-12-21T14:15:04","date_gmt":"2022-12-21T13:15:04","guid":{"rendered":"https:\/\/hiimkate.com\/?post_type=product&#038;p=6775"},"modified":"2025-11-25T19:12:19","modified_gmt":"2025-11-25T18:12:19","slug":"spodnie-welurowe-z-serduszkami-beige","status":"publish","type":"product","link":"https:\/\/hiimkate.com\/index.php\/produkt\/spodnie-welurowe-z-serduszkami-beige\/","title":{"rendered":"Spodnie welurowe z serduszkami beige"},"content":{"rendered":"","protected":false},"excerpt":{"rendered":"<p>Spodnie welurowe z serduszkami \u0142atkami niezwykle mi\u0119kkie i mi\u0142e w dotyku \ud83d\udc97<\/p>\n<p>&nbsp;<\/p>\n<p>Spodnie wykonane s\u0105 z bawe\u0142ny z elastanem o jako\u015bci premium, mo\u017cna dokupi\u0107 dodatkowo kokardk\u0119 naszyt\u0105 na spodenki prosz\u0119 wybra\u0107 jakakolwiek kokardk\u0119 do koszyka i napisa\u0107 w wiadomo\u015bci, \u017ceby naszy\u0107 pasuj\u0105c\u0105 na spodenki jak na zdj\u0119ciu, bez tego spodenki wysy\u0142amy bez kokardki naszytej w pasie\u2728<\/p>\n","protected":false},"featured_media":6796,"comment_status":"open","ping_status":"closed","template":"","meta":[],"product_cat":[194],"product_tag":[],"class_list":{"0":"post-6775","1":"product","2":"type-product","3":"status-publish","4":"has-post-thumbnail","6":"product_cat-spodnie-handmade-dla-dzieci","8":"first","9":"instock","10":"taxable","11":"shipping-taxable","12":"purchasable","13":"product-type-variable"},"jetpack_sharing_enabled":true,"_links":{"self":[{"href":"https:\/\/hiimkate.com\/index.php\/wp-json\/wp\/v2\/product\/6775"}],"collection":[{"href":"https:\/\/hiimkate.com\/index.php\/wp-json\/wp\/v2\/product"}],"about":[{"href":"https:\/\/hiimkate.com\/index.php\/wp-json\/wp\/v2\/types\/product"}],"replies":[{"embeddable":true,"href":"https:\/\/hiimkate.com\/index.php\/wp-json\/wp\/v2\/comments?post=6775"}],"wp:featuredmedia":[{"embeddable":true,"href":"https:\/\/hiimkate.com\/index.php\/wp-json\/wp\/v2\/media\/6796"}],"wp:attachment":[{"href":"https:\/\/hiimkate.com\/index.php\/wp-json\/wp\/v2\/media?parent=6775"}],"wp:term":[{"taxonomy":"product_cat","embeddable":true,"href":"https:\/\/hiimkate.com\/index.php\/wp-json\/wp\/v2\/product_cat?post=6775"},{"taxonomy":"product_tag","embeddable":true,"href":"https:\/\/hiimkate.com\/index.php\/wp-json\/wp\/v2\/product_tag?post=6775"}],"curies":[{"name":"wp","href":"https:\/\/api.w.org\/{rel}","templated":true}]}}