{"id":5083,"date":"2022-05-12T12:32:20","date_gmt":"2022-05-12T10:32:20","guid":{"rendered":"https:\/\/hiimkate.com\/?post_type=product&#038;p=5083"},"modified":"2025-05-21T19:25:23","modified_gmt":"2025-05-21T17:25:23","slug":"komplet-letni-olive","status":"publish","type":"product","link":"https:\/\/hiimkate.com\/index.php\/produkt\/komplet-letni-olive\/","title":{"rendered":"Komplet letni OLIVE"},"content":{"rendered":"","protected":false},"excerpt":{"rendered":"<p>Komplet letni premium z ozdobn\u0105 koronk\u0105\u00a0\ud83d\udc96<\/p>\n<p>Wykonany ze 100% bawe\u0142nianego mu\u015blinu o jako\u015bci premium, atutem jest wspania\u0142a koronka niezwykle delikatna \u2728<\/p>\n<p>Mo\u017cliwo\u015b\u0107 dokupienia pasuj\u0105cej kokardki na spineczce b\u0105d\u017a opasce bezuciskowej albo doszytej do spodenek lub koszulki &#8211; wybierz dodatkowy wariant i dodaj do koszyka \ud83d\ude42<\/p>\n","protected":false},"featured_media":5020,"comment_status":"open","ping_status":"closed","template":"","meta":[],"product_cat":[180],"product_tag":[],"class_list":{"0":"post-5083","1":"product","2":"type-product","3":"status-publish","4":"has-post-thumbnail","6":"product_cat-komplety-letnie-dla-dziewczynek","8":"first","9":"instock","10":"taxable","11":"shipping-taxable","12":"purchasable","13":"product-type-variable"},"jetpack_sharing_enabled":true,"_links":{"self":[{"href":"https:\/\/hiimkate.com\/index.php\/wp-json\/wp\/v2\/product\/5083"}],"collection":[{"href":"https:\/\/hiimkate.com\/index.php\/wp-json\/wp\/v2\/product"}],"about":[{"href":"https:\/\/hiimkate.com\/index.php\/wp-json\/wp\/v2\/types\/product"}],"replies":[{"embeddable":true,"href":"https:\/\/hiimkate.com\/index.php\/wp-json\/wp\/v2\/comments?post=5083"}],"wp:featuredmedia":[{"embeddable":true,"href":"https:\/\/hiimkate.com\/index.php\/wp-json\/wp\/v2\/media\/5020"}],"wp:attachment":[{"href":"https:\/\/hiimkate.com\/index.php\/wp-json\/wp\/v2\/media?parent=5083"}],"wp:term":[{"taxonomy":"product_cat","embeddable":true,"href":"https:\/\/hiimkate.com\/index.php\/wp-json\/wp\/v2\/product_cat?post=5083"},{"taxonomy":"product_tag","embeddable":true,"href":"https:\/\/hiimkate.com\/index.php\/wp-json\/wp\/v2\/product_tag?post=5083"}],"curies":[{"name":"wp","href":"https:\/\/api.w.org\/{rel}","templated":true}]}}