{"id":11226,"date":"2024-03-12T05:16:28","date_gmt":"2024-03-12T04:16:28","guid":{"rendered":"https:\/\/hiimkate.com\/?post_type=product&#038;p=11226"},"modified":"2025-11-21T15:21:15","modified_gmt":"2025-11-21T14:21:15","slug":"golden-star-dust-rose","status":"publish","type":"product","link":"https:\/\/hiimkate.com\/index.php\/produkt\/golden-star-dust-rose\/","title":{"rendered":"GOLDEN STAR &#038; DUST rose"},"content":{"rendered":"","protected":false},"excerpt":{"rendered":"<p>Pi\u0119kna sukieneczka premium z ozdobnymi detalami\u00a0\ud83d\udc96<\/p>\n<p>Wykonana ze 100% mu\u015blinu bawe\u0142nianego o jako\u015bci premium z przepi\u0119knymi z\u0142otymi drobinkami, atutem jest wspania\u0142a struktura materia\u0142u niezwykle delikatna \u2728<\/p>\n","protected":false},"featured_media":9067,"comment_status":"open","ping_status":"closed","template":"","meta":[],"product_cat":[55],"product_tag":[],"class_list":{"0":"post-11226","1":"product","2":"type-product","3":"status-publish","4":"has-post-thumbnail","6":"product_cat-sukienki-dla-dziewczynek","8":"first","9":"instock","10":"taxable","11":"shipping-taxable","12":"purchasable","13":"product-type-variable"},"jetpack_sharing_enabled":true,"_links":{"self":[{"href":"https:\/\/hiimkate.com\/index.php\/wp-json\/wp\/v2\/product\/11226"}],"collection":[{"href":"https:\/\/hiimkate.com\/index.php\/wp-json\/wp\/v2\/product"}],"about":[{"href":"https:\/\/hiimkate.com\/index.php\/wp-json\/wp\/v2\/types\/product"}],"replies":[{"embeddable":true,"href":"https:\/\/hiimkate.com\/index.php\/wp-json\/wp\/v2\/comments?post=11226"}],"wp:featuredmedia":[{"embeddable":true,"href":"https:\/\/hiimkate.com\/index.php\/wp-json\/wp\/v2\/media\/9067"}],"wp:attachment":[{"href":"https:\/\/hiimkate.com\/index.php\/wp-json\/wp\/v2\/media?parent=11226"}],"wp:term":[{"taxonomy":"product_cat","embeddable":true,"href":"https:\/\/hiimkate.com\/index.php\/wp-json\/wp\/v2\/product_cat?post=11226"},{"taxonomy":"product_tag","embeddable":true,"href":"https:\/\/hiimkate.com\/index.php\/wp-json\/wp\/v2\/product_tag?post=11226"}],"curies":[{"name":"wp","href":"https:\/\/api.w.org\/{rel}","templated":true}]}}