{"id":490,"date":"2020-07-04T10:48:50","date_gmt":"2020-07-04T08:48:50","guid":{"rendered":"http:\/\/hiimkate.com\/?page_id=490"},"modified":"2020-08-31T21:43:53","modified_gmt":"2020-08-31T19:43:53","slug":"realizacja-zamowien","status":"publish","type":"page","link":"https:\/\/hiimkate.com\/index.php\/realizacja-zamowien\/","title":{"rendered":"Realizacja zam\u00f3wie\u0144"},"content":{"rendered":"<p>Wszystkie zam\u00f3wienia wykonujemy na specjalne zlecenie klient\u00f3w, nie posiadamy produkt\u00f3w na stanie. Czas realizacji zam\u00f3wienia to zazwyczaj 1-3 dni robocze, ale mo\u017ce si\u0119 on wyd\u0142u\u017cy\u0107 do 30 dni w zale\u017cno\u015bci od dost\u0119pno\u015bci materia\u0142u i ilo\u015bci zam\u00f3wie\u0144 z\u0142o\u017conych przez klient\u00f3w w danym czasie. <\/p><p><\/p><p><\/p>","protected":false},"excerpt":{"rendered":"<p>Wszystkie zam\u00f3wienia wykonujemy na specjalne zlecenie klient\u00f3w, nie posiadamy produkt\u00f3w na stanie. Czas realizacji zam\u00f3wienia to zazwyczaj 1-3 dni robocze, ale mo\u017ce si\u0119 on wyd\u0142u\u017cy\u0107 do 30 dni w zale\u017cno\u015bci od dost\u0119pno\u015bci materia\u0142u i ilo\u015bci zam\u00f3wie\u0144 z\u0142o\u017conych przez klient\u00f3w w danym czasie.<\/p>\n","protected":false},"author":1,"featured_media":0,"parent":0,"menu_order":0,"comment_status":"closed","ping_status":"closed","template":"","meta":{"footnotes":""},"class_list":["post-490","page","type-page","status-publish","hentry"],"jetpack_sharing_enabled":true,"_links":{"self":[{"href":"https:\/\/hiimkate.com\/index.php\/wp-json\/wp\/v2\/pages\/490"}],"collection":[{"href":"https:\/\/hiimkate.com\/index.php\/wp-json\/wp\/v2\/pages"}],"about":[{"href":"https:\/\/hiimkate.com\/index.php\/wp-json\/wp\/v2\/types\/page"}],"author":[{"embeddable":true,"href":"https:\/\/hiimkate.com\/index.php\/wp-json\/wp\/v2\/users\/1"}],"replies":[{"embeddable":true,"href":"https:\/\/hiimkate.com\/index.php\/wp-json\/wp\/v2\/comments?post=490"}],"version-history":[{"count":3,"href":"https:\/\/hiimkate.com\/index.php\/wp-json\/wp\/v2\/pages\/490\/revisions"}],"predecessor-version":[{"id":936,"href":"https:\/\/hiimkate.com\/index.php\/wp-json\/wp\/v2\/pages\/490\/revisions\/936"}],"wp:attachment":[{"href":"https:\/\/hiimkate.com\/index.php\/wp-json\/wp\/v2\/media?parent=490"}],"curies":[{"name":"wp","href":"https:\/\/api.w.org\/{rel}","templated":true}]}}