{"id":11573,"date":"2024-04-06T09:10:05","date_gmt":"2024-04-06T07:10:05","guid":{"rendered":"https:\/\/hiimkate.com\/?page_id=11573"},"modified":"2024-04-06T09:10:08","modified_gmt":"2024-04-06T07:10:08","slug":"wholesale","status":"publish","type":"page","link":"https:\/\/hiimkate.com\/index.php\/wholesale\/","title":{"rendered":"WHOLESALE"},"content":{"rendered":"<p class=\"has-text-color has-link-color wp-elements-21e152cc2d78e0116ec5f9d32099c89d\" style=\"color:#636768\">WHOLESALE<\/p><p class=\"has-text-color has-link-color wp-elements-e8230a16f4ce904813ae7883c9092fff\" style=\"color:#636768\">Chcesz nawi\u0105za\u0107 z\u00a0nami wsp\u00f3\u0142prac\u0119 i\u00a0zosta\u0107 jednym z\u00a0naszych dystrybutor\u00f3w?<br>Wy\u015blij nam maila na poni\u017cszy adres albo zostaw wiadomo\u015b\u0107 na naszym instagramie, a\u00a0my\u00a0odpowiemy na Twoje zapytanie najszybciej jak to\u00a0mo\u017cliwe.<\/p><p class=\"has-text-color has-link-color wp-elements-ade75ffacb5109747be8f6aa9ba58b13\" style=\"color:#636768\">Prosimy aby\u015b w wiadomo\u015bci poda\u0142 nam adres swojego butiku i link do medi\u00f3w spo\u0142eczno\u015bciowych oraz informacje jakimi produktami i w jakich ilo\u015bciach by\u0142by\u015b zainteresowany.<\/p><p class=\"has-text-color has-link-color wp-elements-1c848471a2572409f9a2a8eac87c599f\" style=\"color:#636768\">W celu podj\u0119cia wsp\u00f3\u0142pracy napisz na adres: katarzyna.niksinska@icloud.com<\/p>","protected":false},"excerpt":{"rendered":"<p>WHOLESALE Chcesz nawi\u0105za\u0107 z\u00a0nami wsp\u00f3\u0142prac\u0119 i\u00a0zosta\u0107 jednym z\u00a0naszych dystrybutor\u00f3w?Wy\u015blij nam maila na poni\u017cszy adres albo zostaw wiadomo\u015b\u0107 na naszym instagramie, a\u00a0my\u00a0odpowiemy na Twoje zapytanie najszybciej jak to\u00a0mo\u017cliwe. Prosimy aby\u015b w wiadomo\u015bci poda\u0142 nam adres swojego butiku i link do medi\u00f3w spo\u0142eczno\u015bciowych oraz informacje jakimi produktami i w jakich ilo\u015bciach by\u0142by\u015b zainteresowany. W celu podj\u0119cia wsp\u00f3\u0142pracy napisz na adres: katarzyna.niksinska@icloud.com<\/p>\n","protected":false},"author":1,"featured_media":0,"parent":0,"menu_order":0,"comment_status":"closed","ping_status":"closed","template":"","meta":{"footnotes":""},"class_list":["post-11573","page","type-page","status-publish","hentry"],"jetpack_sharing_enabled":true,"_links":{"self":[{"href":"https:\/\/hiimkate.com\/index.php\/wp-json\/wp\/v2\/pages\/11573"}],"collection":[{"href":"https:\/\/hiimkate.com\/index.php\/wp-json\/wp\/v2\/pages"}],"about":[{"href":"https:\/\/hiimkate.com\/index.php\/wp-json\/wp\/v2\/types\/page"}],"author":[{"embeddable":true,"href":"https:\/\/hiimkate.com\/index.php\/wp-json\/wp\/v2\/users\/1"}],"replies":[{"embeddable":true,"href":"https:\/\/hiimkate.com\/index.php\/wp-json\/wp\/v2\/comments?post=11573"}],"version-history":[{"count":1,"href":"https:\/\/hiimkate.com\/index.php\/wp-json\/wp\/v2\/pages\/11573\/revisions"}],"predecessor-version":[{"id":11575,"href":"https:\/\/hiimkate.com\/index.php\/wp-json\/wp\/v2\/pages\/11573\/revisions\/11575"}],"wp:attachment":[{"href":"https:\/\/hiimkate.com\/index.php\/wp-json\/wp\/v2\/media?parent=11573"}],"curies":[{"name":"wp","href":"https:\/\/api.w.org\/{rel}","templated":true}]}}